. Calculate w(-1).
1
Let u(t) = -3*t**3 - 5*t - 1 - 4 - 6*t**3 - 5*t**2 + 8*t**3. Let c(k) = k - 1. Let z be c(-3). Calculate u(z).
-1
Let r(y) = 6*y + 2. Let q be 8/6 - 1 - 45/(-27). Let k be -3*(q + (-2)/(-6)*-4). Determine r(k).
-10
Let s be (-150)/18 + 6/(-9). Let k(q) = q**3 + 8*q**2 - 7*q + 11. Determine k(s).
-7
Let k(h) = h**2 - 2*h + 2. Let p(v) = 5*v**2 - 23*v + 14. Let m(n) = 3*k(n) - p(n). Determine m(8).
0
Let a be -6 - (-58)/10 - 32/(-10). Let m(x) be the third derivative of 0*x - 1/3*x**a + 1/6*x**4 + 0 - 5*x**2. What is m(-2)?
-10
Let j(w) = 9*w**2 - 5*w + 4. Let z(x) = -16*x**2 + 9*x - 7. Let u(n) = -7*j(n) - 4*z(n). Determine u(-5).
30
Let j(h) = -h**3 - 5*h**2 + 5. Let p = -62 + 175. Let z = 41 - p. Let b be 47/(-9) - 16/z. Give j(b).
5
Let n be 5/(75/6) + 96/(-15). Let h be (-6 - -5)*(1*n + -2). Let o(d) = -d. What is o(h)?
-8
Let n(m) = 6*m**3 + m**2 - 1. Suppose -2*x + 5*k = 32 - 24, -5*x = 2*k - 9. Give n(x).
6
Let y(v) = -v**3 - 3*v**2 - 2*v + 2. Suppose 4*g = 4*t - 20, 0*t = t - 3. What is y(g)?
2
Let r = -1143 - -1138. Let k(h) = 3*h + 9. Determine k(r).
-6
Let q(h) = -2*h**2 - 7*h + 13. Let r be q(-5). Let c(v) = v**3 + 4*v**2 + 5*v + 4. What is c(r)?
2
Let f(u) be the first derivative of -1/3*u**3 - 8 - 4*u - 5/2*u**2. Give f(-3).
2
Let w(o) be the second derivative of 3*o + 0 + 1/6*o**3 - 1/12*o**4 + 1/2*o**2. Let y = 36 + -38. Give w(y).
-5
Let l(w) = -2*w - 5. Suppose -p + 6 = 12. Calculate l(p).
7
Let f(l) = l**3 + 4*l**2 - 3*l - 6. Let v = -316 - -312. Calculate f(v).
6
Let c be 1/(-3) + ((-30)/18)/(-5). Suppose 0 = 3*y - y + 3*n - 2, c = -y + n + 1. Let b(h) = 2*h + 1. Determine b(y).
3
Let k = -301 - -295. Let p(g) = -g - 7. Calculate p(k).
-1
Let m(k) = -k + 4. Let w(c) = -4*c. Suppose 0*g = -4*g + 20. Suppose -3*z - g*y + 11 = z, -2*y = z - 5. Let t be w(z). Give m(t).
0
Let h(i) be the first derivative of -i**4/2 + 2*i**3/3 - i - 7. Suppose 6 = -2*d + x, 4*d - x = -0*d - 8. Give h(d).
3
Suppose i = 7*i + 24. Let a(t) be the first derivative of 2*t**3/3 + 3*t**2/2 - 5*t - 4. What is a(i)?
15
Let i = 1 + -2. Let h(w) be the second derivative of 1/12*w**4 + 0 - 14*w + 1/2*w**2 + 0*w**3. Determine h(i).
2
Let i(q) = 22*q - 29. Let y be i(6). Let j = y + -96. Let w(p) = p**3 - 8*p**2 + 4*p + 10. Calculate w(j).
-11
Suppose -3 = -5*y + 3*n + 21, 4*y - 9 = -n. Suppose -3*a + g - 8 = -0, 0 = 3*g + y. Let i(m) = -19 - 13 + 3 - 9 + 35 + 2*m. What is i(a)?
-9
Let p(y) = -y**3 + 10*y**2 + 23*y + 7. Suppose -115 - 281 = -33*m. Determine p(m).
-5
Let b(c) = 4*c**2 - c - 8. Let h be b(-2). Let u be (-8)/4*5/h. Let o(k) = 6*k. What is o(u)?
-6
Let z(v) = v**2. Let x(h) = -2*h**2 + 2*h + 1. Let o(d) = x(d) + 6*z(d). Suppose 2*w + 115 = 5*g + 7*w, 0 = -3*g + 2*w + 64. Let k = -23 + g. Determine o(k).
3
Let r(w) = -w**3 - 3*w**2 + 2*w + 4. Suppose 4*f - 3*f - 4*m - 19 = 0, -2*f - 2*m = 2. Suppose 0 = -f*h + 5*d - 5 + 1, 4*h = 2*d - 10. Calculate r(h).
-2
Let v(o) be the third derivative of 0 + 2/3*o**3 + 0*o + 1/12*o**4 - o**2. Let u = -6389 - -6383. Determine v(u).
-8
Suppose 2*a - 245 = 3*a - 5*u, u - 665 = 3*a. Let l be (-4)/2 - a/20. Let o(k) = k**3 - 8*k**2 - 8*k + 4. What is o(l)?
13
Suppose 21 = 4*l + 5*n, 3*l - 18 = 3*n + 18. Let m(r) = -2*r + 22. Calculate m(l).
4
Suppose -8 + 3 = -p. Suppose -25 = p*y - 0*y. Let l(m) = 5*m - 4 - 4*m**2 + m**2 + 4*m**2. Determine l(y).
-4
Let y(z) = -25 - 3 + 7*z + 20 - z**2. Calculate y(6).
-2
Suppose s = -961 + 965. Let i(p) = -p**2 + 5*p + 1. Determine i(s).
5
Let b = 3 + -2. Let s(h) be the third derivative of 7*h**5/60 + h**4/8 - h**3/2 - h**2. Let d(a) = 7*a**2 + 2*a - 2. Let z(c) = 4*d(c) - 3*s(c). Determine z(b).
7
Let q(g) be the first derivative of -1 + 0*g + 1/2*g**2 + 2/3*g**3. Give q(2).
10
Let x(r) = -3*r**2 - 7*r - 3. Let g(p) be the first derivative of p**3/3 + p**2/2 - 15. Let w(i) = 2*g(i) + x(i). Determine w(-5).
-3
Suppose 0 = -15*a + 8*a + 84. Let m(i) = 9 - 21*i + a*i + 8*i. What is m(7)?
2
Let r(i) = 2*i**2 + 7*i + 4. Let j(l) = -11*l + 8 + 5 + l**2 + 1. Suppose 0 = p, s = p + p + 9. Let g be j(s). What is r(g)?
8
Let k(n) be the third derivative of -n**5/30 + 7*n**4/12 + 2*n**3/3 + 10*n**2. Let y be k(7). Let i(l) = l**2 - 2*l + 2. Determine i(y).
10
Let t(v) be the third derivative of v**4/24 + 3*v**3/2 + 359*v**2. Calculate t(-8).
1
Let j(x) = 5*x**3 + 4*x**2 - 20. Let c(r) = 47*r**3 - r**2 + 7 + 0 - 49*r**3. Let h(p) = 8*c(p) + 3*j(p). Determine h(3).
5
Suppose -44 = -5*z + z. Let v(b) = 2*b - 18 - b + z. Give v(0).
-7
Let z(g) = -7*g + 78. Let u be z(13). Let p(j) = -j**3 - 13*j**2 + 2. What is p(u)?
2
Let c(a) = 2 + 48*a**3 - 22*a**3 - a - 25*a**3 - a**2. Let w = -10 - -12. Determine c(w).
4
Suppose 0 = 5*v + 58 + 157. Let f = v + 39. Let d(b) = 2*b + 3. Determine d(f).
-5
Suppose f + 4 = 4*c + 6*f, 0 = 3*f. Let l(m) = -6*m**3 - 2*m**2 + 1. What is l(c)?
-7
Let n(x) = 58 + x - x + 6*x - 29 - 22. Determine n(5).
37
Let t(m) = -7*m**2 - 3*m + 3. Suppose -f + 5 - 15 = -3*j, 0 = 3*f + 12. Give t(j).
-31
Let h(f) be the first derivative of 1/2*f**2 + 0*f**3 - 2*f - 32 - 1/4*f**4. Determine h(-2).
4
Let q(d) = -6*d**3 + d**2. Let s = 25 - 23. Suppose 4*c - 4*b = 8, -b = s - 3. Suppose -5*z = 0, 3*x = -2*z - z + c. What is q(x)?
-5
Suppose -38 = h + 5*j - 12, 4 = -2*j. Let y be (h/(-12))/(4/6). Let s(c) = c + 0 + c**3 - y*c + 3 - 3*c**2. What is s(3)?
0
Let s(x) = 3*x. Let p be s(1). Let c = 35 + -33. Let a(j) = 1 + c*j - j + 3*j - 4. Determine a(p).
9
Suppose 4*l + q - 45 = 0, -4*l = -6*l + 4*q + 36. Let i(z) = -z**3 + 10*z**2 + 23*z + 8. Determine i(l).
-4
Let r(q) = q + 8. Let c(d) = -3*d - 17. Let l(t) = -4*t - 15. Let k be l(-7). Let f(o) = k*r(o) + 6*c(o). What is f(-3)?
17
Let m(y) = -2*y - 8*y + 112 - y**3 - 71 - 7*y**2 - 61. Give m(-6).
4
Let t be (-1)/4*1 - 1292/(-304). Let u(q) = -2*q**3 + 10*q**2 + q - 3. Let o(w) = 2*w**3 + 2 + 3*w**2 + w**3 - 14*w**2. Let j(x) = t*u(x) + 3*o(x). Give j(-6).
6
Let g(k) = 2*k - 1. Let w(t) = 7*t - 29. Let b(u) = 3*g(u) - w(u). Calculate b(0).
26
Let p(o) be the first derivative of 3*o**2/2 + 4*o - 139. What is p(-9)?
-23
Suppose -v - 8 = 52. Let k be 640/v + (-2)/(-3). Let j(s) = -2*s - 12. Determine j(k).
8
Let y(u) = 4 - 4*u + 9 + 3*u - 23. Give y(-5).
-5
Let o = -28 - -28. Let f(c) = 0*c + o + c + 0*c + 1. Give f(-4).
-3
Suppose 2*t - 4*h = t + 2, 4*t + 5*h = 29. Let g(c) = 0*c - 2 + c - 9 + 0*c. What is g(t)?
-5
Let j(p) = -6*p**2 - 5*p + 1. Let g(q) = 17*q**2 + 11*q - 3. Let n(f) = -3*g(f) - 7*j(f). Calculate n(-1).
-9
Let z(q) = -2*q - 48*q**2 + 14*q**2 + 28*q**2 + 2 - q**3. Give z(-6).
14
Let z(f) = 8 + 40*f**2 - 19*f**2 - 10 - 23*f**2. Calculate z(2).
-10
Let r(t) = -2*t**2 + 28*t - 27. Suppose 4 = 4*f - 48. Determine r(f).
-1
Let a(r) = -8*r + 7. Let x(t) = -t**3 + 33*t**2 - 36*t + 134. Let c be x(32). Calculate a(c).
-41
Let x(t) be the second derivative of -t**6/120 + t**5/60 + t**4/24 + t**3/6 + 3*t**2/2 + 3*t. Let r(c) be the first derivative of x(c). Determine r(-1).
2
Let f = 40 - 40. Suppose -y - v = -f*y - 6, 3*y + 2*v = 18. Let l(p) = -2*p + 8. Calculate l(y).
-4
Suppose 3*f = -2*f + 4*k + 43, 6 = 2*f + 4*k. Let u be (1 - 0)/(-8 + f). Let o(x) be the first derivative of 4*x**3 - x**2 - x + 28. Determine o(u).
13
Let r(t) = -t**3 + 2*t**2 + 3*t + 4. Let i(x) = 2*x**2 + 2*x - 9. Let q be i(-3). Determine r(q).
4
Let p(y) = -y**3 + 4*y**2 - y - 3. Let m(f) = -f + 1. Let c(o) = -m(o) + p(o). Let n = 5755 + -5752. What is c(n)?
5
Let l(k) = -4*k + 2. Let v(x) = -17*x + 2. Let w(n) = 6*l(n) - v(n). Give w(5).
-25
Let x(a) be the second derivative of -a**4/6 - a**3/2 - 3*a**2/2 + a. Suppose -24*m - 21 = 27. Determine x(m).
-5
Suppose 0 = -l - 3*l + 52. Suppose -5*r - a = l, -6*r + a - 7 = -r. Let j(o) = 108*o - 10. Let b(s) = 92*s - 9. Let n(z) = -7*b(z) + 6*j(z). What is n(r)?
-5
Let v(a) = 2*a + 3. Let c be v(0). Let t(u) = 43*u - c - 24*u - 15*u. Give t(2).
5
Suppose 3*w + 10 = -4*q - 10, 5*w = -3*q - 15. Let j(h) = h**2 - h + 2. Calculate j(w).
2
Suppose -4*j + 20 = 4*d, -6*j + 4 = -2*d - j. Let r(b) = 8*b + 22516 - 22520 - 3*b. What is r(d)?
11
Let q(x) be the second derivative of -5*x**2 + 5/6*x**3 - 1/60*x**5 - 5/24*x**4 + 0 - 3*x. Let u(s) be the first derivative of q(s). Give u(-4).
9
Let i(